digit of 4803193?
3
What is the units digit of 107295?
5
What is the thousands digit of 2371367?
1
What is the units digit of 1702042?
2
What is the units digit of 10391534?
4
What is the hundred thousands digit of 762069?
7
What is the hundred thousands digit of 179865?
1
What is the tens digit of 1553960?
6
What is the thousands digit of 156080?
6
What is the hundreds digit of 5796059?
0
What is the units digit of 371694?
4
What is the thousands digit of 384626?
4
What is the ten thousands digit of 178855?
7
What is the tens digit of 5032248?
4
What is the units digit of 1440140?
0
What is the hundred thousands digit of 495253?
4
What is the thousands digit of 4999908?
9
What is the hundreds digit of 317150?
1
What is the thousands digit of 4707?
4
What is the tens digit of 2263704?
0
What is the thousands digit of 6938121?
8
What is the hundreds digit of 14464316?
3
What is the thousands digit of 1578385?
8
What is the ten thousands digit of 11807538?
0
What is the thousands digit of 287543?
7
What is the units digit of 328858?
8
What is the ten thousands digit of 151710?
5
What is the hundreds digit of 222281?
2
What is the hundreds digit of 57816?
8
What is the units digit of 33008902?
2
What is the units digit of 37484?
4
What is the millions digit of 1454967?
1
What is the hundred thousands digit of 3996284?
9
What is the units digit of 26643?
3
What is the hundred thousands digit of 3978325?
9
What is the tens digit of 374000?
0
What is the hundreds digit of 379813?
8
What is the tens digit of 2251570?
7
What is the ten thousands digit of 331268?
3
What is the tens digit of 229087?
8
What is the hundred thousands digit of 7272417?
2
What is the units digit of 128853?
3
What is the millions digit of 2000643?
2
What is the thousands digit of 2683736?
3
What is the hundreds digit of 430826?
8
What is the tens digit of 2023657?
5
What is the thousands digit of 815793?
5
What is the ten thousands digit of 292903?
9
What is the tens digit of 788197?
9
What is the thousands digit of 26638323?
8
What is the ten thousands digit of 627388?
2
What is the thousands digit of 1121295?
1
What is the thousands digit of 614008?
4
What is the thousands digit of 1481254?
1
What is the hundred thousands digit of 12544040?
5
What is the tens digit of 602609?
0
What is the units digit of 1707717?
7
What is the tens digit of 6983999?
9
What is the hundreds digit of 1210797?
7
What is the hundreds digit of 994044?
0
What is the ten thousands digit of 914808?
1
What is the units digit of 54112?
2
What is the hundreds digit of 2854937?
9
What is the millions digit of 2923488?
2
What is the ten thousands digit of 515939?
1
What is the hundreds digit of 30721?
7
What is the ten millions digit of 14861731?
1
What is the thousands digit of 233113?
3
What is the millions digit of 1177257?
1
What is the hundred thousands digit of 2107494?
1
What is the ten thousands digit of 52756?
5
What is the thousands digit of 5364868?
4
What is the hundreds digit of 296695?
6
What is the hundreds digit of 3305768?
7
What is the tens digit of 260034?
3
What is the hundreds digit of 279401?
4
What is the hundred thousands digit of 975834?
9
What is the thousands digit of 97444?
7
What is the hundreds digit of 5789106?
1
What is the thousands digit of 167580?
7
What is the millions digit of 3825618?
3
What is the tens digit of 3527093?
9
What is the tens digit of 207351?
5
What is the ten millions digit of 18754579?
1
What is the thousands digit of 9322035?
2
What is the units digit of 249213?
3
What is the thousands digit of 1723057?
3
What is the hundreds digit of 154354?
3
What is the ten millions digit of 13253620?
1
What is the tens digit of 255681?
8
What is the hundred thousands digit of 188544?
1
What is the hundred thousands digit of 1575793?
5
What is the hundreds digit of 68178?
1
What is the ten thousands digit of 114661?
1
What is the millions digit of 4658502?
4
What is the thousands digit of 453194?
3
What is the tens digit of 855733?
3
What is the thousands digit of 20511629?
1
What is the millions digit of 29266906?
9
What is the units digit of 5111307?
7
What is the tens digit of 605272?
7
What is the hundred thousands digit of 2872645?
8
What is the millions digit of 1632602?
1
What is the ten thousands digit of 43975?
4
What is the hundreds digit of 9665195?
1
What is the thousands digit of 3521307?
1
What is the ten thousands digit of 3024740?
2
What is the units digit of 9422659?
9
What is the hundreds digit of 5109819?
8
What is the ten thousands digit of 7403934?
0
What is the hundreds digit of 25884940?
9
What is the tens digit of 217112?
1
What is the hundreds digit of 15029126?
1
What is the hundreds digit of 37206421?
4
What is the tens digit of 499101?
0
What is the hundreds digit of 938636?
6
What is the hundred thousands digit of 5680081?
6
What is the hundred thousands digit of 390218?
3
What is the thousands digit of 19482743?
2
What is the units digit of 2165000?
0
What is the millions digit of 3981502?
3
What is the units digit of 1986539?
9
What is the tens digit of 3812181?
8
What is the ten thousands digit of 5286534?
8
What is the hundreds digit of 1111459?
4
What is the hundreds digit of 1415999?
9
What is the hundreds digit of 2253657?
6
What is the hundred thousands digit of 274283?
2
What is the units digit of 799445?
5
What is the units digit of 1333345?
5
What is the units digit of 6688899?
9
What is the hundreds digit of 893632?
6
What is the tens digit of 425653?
5
What is the ten thousands digit of 375623?
7
What is the thousands digit of 5369236?
9
What is the ten thousands digit of 302739?
0
What is the thousands digit of 10629473?
9
What is the tens digit of 953858?
5
What is the ten millions digit of 14817578?
1
What is the hundred thousands digit of 603950?
6
What is the hundreds digit of 152790?
7
What is the thousands digit of 3190778?
0
What is the ten millions digit of 11269523?
1
What is the thousands digit of 220386?
0
What is the millions digit of 7385262?
7
What is the tens digit of 491627?
2
What is the hundred thousands digit of 25074343?
0
What is the thousands digit of 764469?
4
What is the units digit of 226556?
6
What is the ten thousands digit of 202599?
0
What is the hundreds digit of 144112?
1
What is the tens digit of 2767079?
7
What is the units digit of 3968828?
8
What is the units digit of 105463?
3
What is the tens digit of 385370?
7
What is the thousands digit of 1404450?
4
What is the units digit of 532871?
1
What is the units digit of 1594682?
2
What is the hundred thousands digit of 681444?
6
What is the ten thousands digit of 54198?
5
What is the ten thousands digit of 4320381?
2
What is the millions digit of 1169300?
1
What is the hundreds digit of 112430?
4
What is the hundreds digit of 2029077?
0
What is the hundred thousands digit of 1885035?
8
What is the thousands digit of 29302?
9
What is the hundred thousands digit of 466918?
4
What is the tens digit of 113025?
2
What is the units digit of 3035350?
0
What is the hundred thousands digit of 139621?
1
What is the thousands digit of 699545?
9
What is the ten millions digit of 10013542?
1
What is the units digit of 2069374?
4
What is the millions digit of 8265794?
8
What is the hundreds digit of 2333412?
4
What is the hundreds digit of 192861?
8
What is the hundreds digit of 503067?
0
What is the tens digit of 687279?
7
What is the thousands digit of 85889?
5
What is the hundreds digit of 9401405?
4
What is the hundred thousands digit of 26318578?
3
What is the units digit of 1080790?
0
What is the tens digit of 95419?
1
What is the hundreds digit of 69283?
2
What is the tens digit of 184531?
3
What is the ten thousands digit of 6255858?
5
What is the units digit of 2452006?
6
What is the units digit of 3390820?
0
What is the hundred thousands digit of 793187?
7
What is the hundred thousands digit of 7965922?
9
What is the ten thousands digit of 6832444?
3
What is the units digit of 4596075?
5
What is the units digit of 248967?
7
What is the thousands digit of 1417923?
7
What is the tens digit of 997013?
1
What is the millions digit of 4156493?
4
What is the hundred thousands digit of 8100291?
1
What is the thousands digit of 1936555?
6
What is 